 + (-10)/r?
19
Suppose -126 = -3*o - 114. Suppose o*s - 2*h = 16 + 156, s - 43 = 4*h. What are the prime factors of s?
43
Let r(c) = -3*c**3 - 4*c**2 - 3*c - 2. Let q be r(-3). Suppose 5*f - q + 22 = 0. List the prime factors of ((-9)/(-2) + 0)*f.
3
Suppose -w - 5 = 0, -3*b + 2*w = -160 - 114. What are the prime factors of b?
2, 11
Let j = -10 - -17. Suppose -j*d - 498 = -13*d. List the prime factors of d.
83
Let i be (-9)/(27/(-480)) + -2 + 2. Suppose 3*a - i = -13*a. What are the prime factors of a?
2, 5
Let s be 1 + (-4)/6 - (-2)/(-6). Let i(k) = -1. Let a(y) = -3*y + 1. Let w(f) = a(f) - 5*i(f). List the prime factors of w(s).
2, 3
Suppose -5*n + 5*j + 409 = 3*j, 0 = -n + 3*j + 74. What are the prime factors of n?
83
Let g(q) = 2*q**2 + 18*q + 65. What are the prime factors of g(-24)?
5, 157
List the prime factors of (-5 - -5) + 2448/4 + 6.
2, 3, 103
Suppose 263 = -7*p + 16755. List the prime factors of p.
2, 19, 31
Let p be 1/(-4 - (-27)/6). Suppose h - 132 = -p*w, -w + 4*h + 75 = -0*h. List the prime factors of w.
67
List the prime factors of -516*(25/10)/(-4 - -3).
2, 3, 5, 43
Let d = -2014 - -3167. What are the prime factors of d?
1153
Let z be (-6)/42 - 1/(-7). Let y be 1 + -348 - (z + 3). What are the prime factors of (-2)/3 + y/(-21)?
2
Let z(q) be the first derivative of 0*q - 13/2*q**2 + 2. List the prime factors of z(-2).
2, 13
Let k(c) = -24*c**3 + c + 2. Let t be k(-1). Suppose -2*q - 16 = -o, 3*q + 2*q = t. List the prime factors of o.
2, 13
Let o(b) = b**3 - 6*b**2 - 9*b - 3. Let l be o(7). Let s = -13 - l. Suppose s*v - 4*t = 120, 2*t = 3*t. List the prime factors of v.
2, 3, 5
Let d(i) be the second derivative of -i**4/12 - i**3/6 + 2*i**2 - i. Let g be d(-3). Let c = 16 - g. List the prime factors of c.
2, 3
Let n(g) = g**3 + 17*g**2 + 9*g + 3. What are the prime factors of n(-14)?
3, 5, 31
Suppose 5 = -5*o + 20. Suppose 3 + o = 2*x. Let t(m) = 6*m - 1. List the prime factors of t(x).
17
What are the prime factors of (-6)/(-30) - 113399/(-55)?
2, 1031
Let g be (8 - 4)*(-7 + 1). Let n = 66 + g. List the prime factors of n.
2, 3, 7
Let q = -5289 + 8874. What are the prime factors of q?
3, 5, 239
Let z(g) = 11*g**2 - 2*g + 1. Let w be z(1). Let i(j) be the second derivative of j**3/2 - 24*j + 2. List the prime factors of i(w).
2, 3, 5
Let f(h) = 8*h**2 - 31*h + 139. What are the prime factors of f(6)?
241
Let l(x) = 2*x - 7. Let t be l(9). Suppose -7*i + t*i - 8 = 0. Suppose z = -0*z + i. List the prime factors of z.
2
Let b(s) = -s + 23. Let i be b(5). What are the prime factors of (-868)/(-6) + 6/i?
5, 29
What are the prime factors of (4 - 83)*35/(-5)?
7, 79
Let f(r) = -r**3 + 7*r**2 + 3*r + 3. Let l be f(6). Suppose -5*z + j = -j + 54, 4*z + 3*j = -l. Let w = z + 19. List the prime factors of w.
7
Suppose -5*s = -1 + 6. What are the prime factors of 27 + 10 - (s - -1)?
37
Let v(o) = -6*o - 33. Let d be v(-5). What are the prime factors of (60/25)/d*1350/(-4)?
2, 3, 5
Suppose -2*f - v = 9, 0 = 5*f + 5*v + 4 + 26. What are the prime factors of 177 + (3 - f)/(-3)?
5, 7
Let b(p) = -1 + 20*p**2 - p - 21*p**2 + 3*p - 15*p**3. List the prime factors of b(-2).
3, 37
List the prime factors of (-1*190 - 4)*-4.
2, 97
Suppose 0 = d + 18 - 20. Suppose -d*k = 4*k - 66. Let o(j) = -j + 15. What are the prime factors of o(k)?
2
Let k = -38 + 41. Suppose 5*z - 2 = 2*a + 5, 3*z + k*a = 21. What are the prime factors of z?
3
Let g(a) = 2*a**2 + 32*a - 32. Let r be g(-17). Suppose -2*t + 684 = -0*t - v, 678 = r*t + 2*v. List the prime factors of t.
11, 31
Suppose 0*d = -10*d - 140. List the prime factors of ((-1098)/(-21) - 2) + d/49.
2, 5
Let q(j) = -12*j**2 + 6*j + 11. Let g(v) = -11*v**2 + 6*v + 10. Let h(s) = -4*g(s) + 3*q(s). List the prime factors of h(-3).
83
Let n(b) be the first derivative of b**4/4 - 4*b**3/3 + 2*b**2 - 38. What are the prime factors of n(5)?
3, 5
Suppose -2*z + 14 = 44. Let p = 28 + z. Let d = p + -2. List the prime factors of d.
11
Suppose u + 0*d - 4 = 2*d, -12 = -4*u + 4*d. Suppose 0 = u*n - p - 607, -10 = p + p. What are the prime factors of n?
7, 43
List the prime factors of 16*13/(-52) + 687 + -1.
2, 11, 31
Let f(t) = -t**3 + 3*t**2 + t + 1. Let q be f(3). Let r be ((-2)/q)/((-4)/(-144)). List the prime factors of (-128)/(-22) - r/99.
2, 3
Let m(h) = -h**3 - 13*h**2 - 13*h - 2. Let z be m(-9). Let u = -133 - z. What are the prime factors of u?
2, 19
Let p = -101 + 142. Suppose 0 = d - p - 42. List the prime factors of d.
83
Let i = 21 + 1110. List the prime factors of i.
3, 13, 29
Let l be 6*(-4 - (-26)/6). Suppose -5*h - l*y - 150 = 0, 0 = 4*h + 2*y + 76 + 46. List the prime factors of ((-13)/(-1))/((-7)/h).
2, 13
Let r = 1538 - 458. List the prime factors of r.
2, 3, 5
Let d = -81 + 85. Suppose -437 = -d*w - 145. What are the prime factors of w?
73
Let j = 8995 - 4626. List the prime factors of j.
17, 257
Suppose -179 = a - 273. What are the prime factors of a?
2, 47
Let t(k) be the second derivative of k**5/20 - k**4/2 + 2*k**3/3 + 2*k**2 + 7*k. What are the prime factors of t(6)?
2, 7
Let y(a) = -a + 9. Let s be y(11). List the prime factors of 6 + -2 + 94 + s.
2, 3
Let v(s) = s**2 - 33*s + 85. What are the prime factors of v(70)?
5, 107
Let l(i) = -3*i + 114. Let b(v) = -3*v + 114. Let d(f) = 6*b(f) - 5*l(f). What are the prime factors of d(0)?
2, 3, 19
List the prime factors of ((-80)/(-48))/(1/3) + 673.
2, 3, 113
Let v(d) = -160*d - 734. List the prime factors of v(-14).
2, 3, 251
Suppose 0 = -21*m - 6*m + 33210. List the prime factors of m.
2, 3, 5, 41
Suppose 13*g = 1405 + 4679. List the prime factors of g.
2, 3, 13
Suppose 0 = d + 5*f - 2*f - 560, 4*d + 4*f - 2272 = 0. What are the prime factors of d?
2, 11, 13
Let y = 5293 - 3613. List the prime factors of y.
2, 3, 5, 7
Suppose 127*k - 136*k + 26901 = 0. What are the prime factors of k?
7, 61
What are the prime factors of -5*(3/1 - 4)?
5
Let b be (-5)/((-5)/4) + 332. Suppose b = c + c. What are the prime factors of c?
2, 3, 7
Let v be (12/(-9))/((-2)/9). Let g(s) = 5*s**2 - 3. Let n(a) = -4*a**2 + 4. Let w(x) = 5*g(x) + 6*n(x). List the prime factors of w(v).
3, 5
Let c = 5164 + -2614. List the prime factors of c.
2, 3, 5, 17
Let i(c) = 6*c**2 + 9. Let y be i(-3). Suppose 3*l - y = 93. Suppose -88 = -2*w + l. List the prime factors of w.
2, 5, 7
Let g(k) = 34*k**2 + 23*k + 6. What are the prime factors of g(4)?
2, 3, 107
Suppose 2*v - 2358 = 986. List the prime factors of v.
2, 11, 19
Suppose 1 = -5*j - 9. What are the prime factors of (1*j/3)/((-20)/3870)?
3, 43
Let b(g) = -2*g + 631. What are the prime factors of b(0)?
631
Let y = -174 - 158. Let z = y - -517. List the prime factors of z.
5, 37
Let w be 2 + 5/(10/(-26)). Let f = w + 15. Suppose f*a - 42 = 82. What are the prime factors of a?
31
Let r = 986 - 295. List the prime factors of r.
691
Let g(t) be the first derivative of 5*t**3/3 - 25*t**2 + 2*t + 3. What are the prime factors of g(10)?
2
Let s(f) = -5*f - 10. Suppose -16 + 5 = a. Let u be s(a). Suppose 5*z - 8*z + t + u = 0, -3*z + 45 = -4*t. List the prime factors of z.
3, 5
Let g(m) = -4*m - 30. Let v be g(-8). List the prime factors of (36/1 - v)/(1/2).
2, 17
Let k = 61 - 34. Suppose -29*z + 8 = -k*z. What are the prime factors of 1376/40 - z/10?
2, 17
Suppose -5*f + 3*w = 1, 15 = -5*f - 3*w - 4. What are the prime factors of (-35 - f)/(9/(-12))?
2, 11
Let a(j) = 79*j + 2990. What are the prime factors of a(0)?
2, 5, 13, 23
Let d(p) = -p**2 - 3*p - 4. Let m(u) = -1. Let c(k) = d(k) - 4*m(k). Let a be c(-4). What are the prime factors of a/14 - (-1044)/28?
37
Let h = 104 - 54. Let u = 96 - h. List the prime factors of u.
2, 23
Let m = 93 - 139. Let j = -66 - m. Let o = j - -26. List the prime factors of o.
2, 3
Let s(r) be the first derivative of 6 - 1/3*r**3 + 20*r + 1/2*r**2. List the prime factors of s(0).
2, 5
Let y(p) be the first derivative of -p**2 - 2*p + 4. Let c be y(-3). List the prime factors of -99*(c/(-12))/1.
3, 11
Let f = 5148 + -2680. What are the prime factors of f?
2, 617
Let z(w) = -w**2 + 0*w**2 + 6*w**2. What are the prime factors of z(6)?
2, 3, 5
Let x be 3/(39/(-12) + 4). Suppose 0 = -t - v + 68 + 51, x*t + 5*v = 478. Suppose -2*b - 4*g = 3*b - t, 4*g = 12. List the prime factors of b.
3, 7
Let o(k) = -k*